22058748?
2, 3, 23, 26641
What are the prime factors of 216185?
5, 43237
What are the prime factors of 5375500?
2, 5, 13, 827
What are the prime factors of 5330446?
2, 11, 79, 3067
List the prime factors of 725831.
109, 6659
List the prime factors of 17704742.
2, 11, 804761
List the prime factors of 282510.
2, 3, 5, 43, 73
List the prime factors of 2304643.
11, 19, 11027
List the prime factors of 52645.
5, 10529
List the prime factors of 241080.
2, 3, 5, 7, 41
What are the prime factors of 175568?
2, 10973
List the prime factors of 1353801.
3, 31, 14557
What are the prime factors of 681238?
2, 340619
What are the prime factors of 2204235?
3, 5, 11, 61, 73
What are the prime factors of 5377492?
2, 23, 58451
List the prime factors of 345928.
2, 11, 3931
List the prime factors of 17903127.
3, 11, 542519
List the prime factors of 210703.
23, 9161
List the prime factors of 671112.
2, 3, 13, 239
What are the prime factors of 2392712?
2, 7, 42727
What are the prime factors of 7160479?
1873, 3823
What are the prime factors of 3283556?
2, 79, 10391
What are the prime factors of 45583?
79, 577
What are the prime factors of 3020945?
5, 604189
What are the prime factors of 4910797?
19, 131, 1973
What are the prime factors of 468139?
7, 66877
List the prime factors of 2546514.
2, 3, 23, 6151
List the prime factors of 1787550.
2, 3, 5, 17, 701
List the prime factors of 286528.
2, 11, 37
List the prime factors of 429630.
2, 3, 5, 14321
List the prime factors of 1411836.
2, 3, 29, 4057
What are the prime factors of 9787129?
11, 37, 139, 173
What are the prime factors of 1096735?
5, 401, 547
What are the prime factors of 975293?
11, 88663
List the prime factors of 332441.
332441
What are the prime factors of 388484?
2, 17, 29, 197
List the prime factors of 6118.
2, 7, 19, 23
List the prime factors of 155014.
2, 179, 433
List the prime factors of 4931922.
2, 3, 193, 4259
List the prime factors of 8643186.
2, 3, 53353
List the prime factors of 563332.
2, 7, 11, 31, 59
What are the prime factors of 3326481?
3, 123203
List the prime factors of 266103.
3, 29567
What are the prime factors of 391715?
5, 157, 499
List the prime factors of 485609.
485609
List the prime factors of 5343713.
5343713
List the prime factors of 2300684.
2, 71, 8101
What are the prime factors of 92156?
2, 23039
What are the prime factors of 261709?
7, 109
List the prime factors of 642840.
2, 3, 5, 11, 487
List the prime factors of 20940848.
2, 1308803
List the prime factors of 951523.
373, 2551
List the prime factors of 4640043.
3, 23, 67247
What are the prime factors of 13690317?
3, 19, 461, 521
List the prime factors of 2035561.
11, 185051
List the prime factors of 2919110.
2, 5, 83, 3517
List the prime factors of 4347531.
3, 61, 7919
List the prime factors of 6306387.
3, 1213, 1733
List the prime factors of 8652980.
2, 5, 7, 19, 3253
What are the prime factors of 8506596?
2, 3, 7, 17, 23, 37
What are the prime factors of 1566774?
2, 3, 11, 41, 193
List the prime factors of 249758.
2, 47, 2657
What are the prime factors of 17215623?
3, 1912847
What are the prime factors of 447504?
2, 3, 9323
List the prime factors of 1529920.
2, 5, 7, 683
What are the prime factors of 527573?
19, 27767
List the prime factors of 180063.
3, 13, 19
What are the prime factors of 2867951?
17, 73, 2311
What are the prime factors of 25862892?
2, 3, 11, 195931
List the prime factors of 103783.
67, 1549
List the prime factors of 1021743.
3, 107, 1061
What are the prime factors of 2717337?
3, 7, 83, 1559
What are the prime factors of 140786?
2, 70393
What are the prime factors of 2593618?
2, 23, 56383
What are the prime factors of 832413?
3, 293, 947
List the prime factors of 41809.
41809
List the prime factors of 19753898.
2, 17, 580997
What are the prime factors of 89722?
2, 113, 397
What are the prime factors of 522982?
2, 109, 2399
What are the prime factors of 3622697?
13, 191, 1459
What are the prime factors of 2862938?
2, 13, 29, 3797
What are the prime factors of 6669142?
2, 41, 81331
List the prime factors of 1527948.
2, 3, 42443
List the prime factors of 3872148.
2, 3, 7, 31, 1487
What are the prime factors of 24637?
71, 347
What are the prime factors of 375719?
241, 1559
List the prime factors of 2899386.
2, 3, 7, 23011
What are the prime factors of 5957622?
2, 3, 11, 30089
List the prime factors of 6528941.
23, 31, 9157
What are the prime factors of 199345?
5, 39869
List the prime factors of 21342850.
2, 5, 23, 67, 277
List the prime factors of 641642.
2, 320821
List the prime factors of 5901595.
5, 7, 168617
List the prime factors of 88855.
5, 13, 1367
What are the prime factors of 402532?
2, 13, 7741
List the prime factors of 57144.
2, 3, 2381
What are the prime factors of 633950?
2, 5, 31, 409
List the prime factors of 1464411.
3, 13, 37549
What are the prime factors of 15450125?
5, 123601
What are the prime factors of 1667810?
2, 5, 166781
What are the prime factors of 1896553?
79, 24007
List the prime factors of 768701.
167, 4603
List the prime factors of 123209.
123209
List the prime factors of 15014.
2, 7507
What are the prime factors of 3955725?
3, 5, 17581
What are the prime factors of 286285?
5, 31, 1847
What are the prime factors of 3321593?
11, 71, 4253
List the prime factors of 60947.
59, 1033
List the prime factors of 471985.
5, 94397
List the prime factors of 4580242.
2, 17, 107, 1259
List the prime factors of 6950748.
2, 3, 7, 11821
List the prime factors of 193025.
5, 7, 1103
What are the prime factors of 140958?
2, 3, 41, 191
What are the prime factors of 2529277?
17, 148781
What are the prime factors of 1053498?
2, 3, 71, 2473
List the prime factors of 1142704.
2, 71419
What are the prime factors of 1826512?
2, 114157
What are the prime factors of 28681360?
2, 5, 67, 5351
List the prime factors of 8940829.
41, 218069
List the prime factors of 135807.
3, 7, 29, 223
What are the prime factors of 17287919?
11, 1571629
List the prime factors of 560309.
29, 139
List the prime factors of 3912054.
2, 3, 43, 59, 257
What are the prime factors of 1006927?
17, 61, 971
List the prime factors of 13474481.
23, 585847
List the prime factors of 954680.
2, 5, 29, 823
What are the prime factors of 8346136?
2, 929, 1123
List the prime factors of 281366.
2, 140683
What are the prime factors of 4376775?
3, 5, 13, 67
What are the prime factors of 248821?
248821
What are the prime factors of 286209?
3, 7, 11, 59
What are the prime factors of 21607051?
17, 23, 73, 757
List the prime factors of 3859410.
2, 3, 5, 103, 1249
List the prime factors of 854420.
2, 5, 7, 17, 359
What are the prime factors of 229043?
227, 1009
What are the prime factors of 659134?
2, 7, 23, 89
List the prime factors of 3275677.
31, 105667
List the prime factors of 14868.
2, 3, 7, 59
What are the prime factors of 2645989?
23, 29, 3967
What are the prime factors of 156540?
2, 3, 5, 2609
List the prime factors of 1808461.
389, 4649
List the prime factors of 15414401.
41, 79, 4759
What are the prime factors of 6348807?
3, 47, 5003
What are the prime factors of 5565000?
2, 3, 5, 7, 53
List the prime factors of 20175309.
3, 7, 11, 4159
What are the prime factors of 80587?
13, 6199
List the prime factors of 6594683.
79, 83477
What are the prime factors of 1206813?
3, 17, 23663
What are the prime factors of 1331575?
5, 7, 1087
What are the prime factors of 280572?
2, 3, 103, 227
List the prime factors of 1990441.
1990441
What are the prime factors of 607421?
607421
List the prime factors of 1395575.
5, 55823
List the prime factors of 119323.
17, 7019
List the prime factors of 26861936.
2, 1678871
List the prime factors of 226754.
2, 11, 937
List the prime factors of 390196.
2, 97549
List the prime factors of 4283216.
2, 7, 167, 229
List the prime factors of 388590.
2, 3, 5, 12953
List the prime factors of 351759.
3, 37, 3169
List the prime factors of 6883800.
2, 3, 5, 7, 11, 149
What are the prime factors of 780343?
780343
What are the prime factors of 3765973?
31, 41, 2963
What are the prime factors of 386024?
2, 73, 661
List the prime factors of 18496585.
5, 479, 7723
What are the prime factors of 9203095?
5, 11, 167329
What are the prime factors of 24429482?
2, 7, 11, 158633
What are the prime factors of 15309212?
2, 19, 201437
List t